base 9, what is 5 - 71306710?
-71306704
In base 11, what is 304 - 54039?
-53835
In base 7, what is 1436601 + 0?
1436601
In base 16, what is 7063d + -386?
702b7
In base 5, what is 0 + -40212341?
-40212341
In base 3, what is 2 + 1101210210202121?
1101210210202200
In base 8, what is -2701 + -237546?
-242447
In base 4, what is -103232 - -20302?
-22330
In base 6, what is 445035323 - -52?
445035415
In base 11, what is 2287140 - 4?
2287137
In base 10, what is -24563 - -19?
-24544
In base 5, what is -12 + 113140310?
113140243
In base 2, what is -11 + -1100100100011111001001010100?
-1100100100011111001001010111
In base 8, what is -6352762 + -4?
-6352766
In base 15, what is -a0d - 5424?
-5e32
In base 7, what is 35522315 + -2?
35522313
In base 4, what is 32003102 - 221?
32002221
In base 8, what is -151233415 - -2?
-151233413
In base 2, what is -10110010001 + 1010110110101111001?
1010110011111101000
In base 11, what is 2588930a - -9?
25889318
In base 2, what is 0 - 10111011001001110111100?
-10111011001001110111100
In base 7, what is -2 - 26346230?
-26346232
In base 3, what is 2120111221102 - -100?
2120111221202
In base 7, what is 140643643 + -16?
140643624
In base 11, what is 0 + 120761?
120761
In base 5, what is -1144242131 - 2?
-1144242133
In base 9, what is -1022 - -5743?
4721
In base 3, what is 122 - 102010020210111?
-102010020202212
In base 16, what is 10c00 + -1f3?
10a0d
In base 3, what is -10220012011001 + -20210?
-10220012101211
In base 16, what is 0 + 582614?
582614
In base 5, what is -1011010313 + -4?
-1011010322
In base 9, what is -11 + -788083?
-788104
In base 4, what is -2311200 + -1313?
-2313113
In base 6, what is 3 + -5515510024?
-5515510021
In base 8, what is 25 + -472341?
-472314
In base 15, what is -13027d9c - -3?
-13027d99
In base 14, what is b73413 - -10?
b73423
In base 15, what is 1e15 - 447?
19bd
In base 3, what is -222112002 + 201?
-222111101
In base 3, what is -2212010 - -12021212?
2102202
In base 16, what is -11fc - -10af?
-14d
In base 7, what is -14332 - -511040?
463405
In base 11, what is 1719 + -79650?
-77a32
In base 6, what is 54315 - 1043421?
-545102
In base 7, what is -1262450631 - 2?
-1262450633
In base 13, what is -ba + 3879?
378c
In base 9, what is 1 - 10047454?
-10047453
In base 15, what is -14e6b + 45?
-14e26
In base 6, what is 533503 - 450521?
42542
In base 8, what is -22677 - 241406?
-264305
In base 2, what is 10110101001 + -1110111100011?
-1100000111010
In base 2, what is 10000100110100101001101 - -10011001?
10000100110100111100110
In base 9, what is -486452 + -88?
-486551
In base 9, what is 2665120 + -106?
2665013
In base 2, what is -1 + 1000010101010010101011010?
1000010101010010101011001
In base 7, what is -10421 - 1064215?
-1104636
In base 7, what is 40 + -51346?
-51306
In base 15, what is 7b6eea - -5?
7b7000
In base 9, what is -5 - -17661125?
17661120
In base 8, what is -652234414 - -1?
-652234413
In base 8, what is 1143433 + 1331?
1144764
In base 15, what is 4b38 + 26a?
4da3
In base 10, what is 69757 - -1733?
71490
In base 8, what is 217322235 + -1?
217322234
In base 9, what is 7 - -26677586?
26677604
In base 14, what is -2 + -a44d3?
-a44d5
In base 11, what is -5 + -521839?
-521843
In base 9, what is -7 - 1012757?
-1012765
In base 8, what is -100 - 5773341?
-5773441
In base 10, what is 14141390 - -3?
14141393
In base 9, what is -643 + 356126?
355373
In base 3, what is 1101220020 + 122201?
1102112221
In base 12, what is b3382 - 17?
b3367
In base 14, what is 2 - -58078d3?
58078d5
In base 12, what is -146153 - 348?
-14649b
In base 13, what is 1 - -13a204?
13a205
In base 10, what is -4 - -5841479?
5841475
In base 9, what is 565424 - 41?
565373
In base 10, what is -51 + -4427727?
-4427778
In base 15, what is 4 - 1a9ce82a?
-1a9ce826
In base 10, what is 0 - 51256180?
-51256180
In base 3, what is -20 - -10102222021221110?
10102222021221020
In base 15, what is -57 - 582c?
-5884
In base 12, what is 83 - 1343?
-1280
In base 14, what is 17 - -723c?
7255
In base 12, what is -47a + 1043a0?
103b22
In base 11, what is -7 + -a49276?
-a49282
In base 11, what is 4410 + -87a8?
-4398
In base 13, what is 17799 - -84a?
18316
In base 8, what is -42463 + -5312?
-47775
In base 11, what is -7 - -36a666?
36a65a
In base 15, what is -13958 + -6?
-1395e
In base 16, what is -16adbf + -2bc?
-16b07b
In base 4, what is -22102 - -2120211003?
2120122301
In base 5, what is 323313140 + -41?
323313044
In base 7, what is 1 + -1023136065?
-1023136064
In base 13, what is 5 - -4368?
4370
In base 15, what is 14e7 + 174a?
2c42
In base 10, what is -45 - -76899?
76854
In base 13, what is -5b2c45 + 7?
-5b2c3b
In base 15, what is 2b4316 - a6?
2b4260
In base 9, what is 4 + -286153531?
-286153526
In base 9, what is 226488 + 571?
227170
In base 6, what is 3012502444 + -4?
3012502440
In base 11, what is 349008720 - -2?
349008722
In base 2, what is -11111101011100101001000 - 1?
-11111101011100101001001
In base 2, what is 110111001000101001 - 111010?
110111000111101111
In base 11, what is -2404 - 244?
-2648
In base 13, what is 1 + 1c87887b?
1c87887c
In base 8, what is -6152 + 222?
-5730
In base 15, what is -5dcd - -915?
-54b8
In base 9, what is -427 - 61365?
-61803
In base 14, what is 5aa5 - 332?
5773
In base 5, what is -130232423 - -3?
-130232420
In base 11, what is -5330361a - -4?
-53303616
In base 14, what is -3a389 + 28?
-3a361
In base 15, what is -db + c6c?
b81
In base 12, what is 93793 - 44?
9374b
In base 13, what is 9 - 73b284?
-73b278
In base 7, what is 11 - -14356205?
14356216
In base 2, what is 1001110111011100000 - 10000?
1001110111011010000
In base 14, what is 90248 - 7?
90241
In base 14, what is -223059 + 4?
-223055
In base 4, what is 22211120 + 1013?
22212133
In base 10, what is -1 + 271419?
271418
In base 3, what is -10 + -1222001100210202?
-1222001100210212
In base 11, what is 9 + 7104007?
7104015
In base 13, what is 8 + 5921a4?
5921ac
In base 9, what is 222 + -77644?
-77422
In base 3, what is -12112 + -11102210212011?
-11102211001200
In base 9, what is -23142502 - 5?
-23142507
In base 9, what is 3 + -104488253?
-104488250
In base 4, what is -13233122021031 + 2?
-13233122021023
In base 15, what is 1 - 3295ce?
-3295cd
In base 16, what is ae2e3 + -25?
ae2be
In base 6, what is 0 + 130132440?
130132440
In base 4, what is 3100 - -213113223?
213122323
In base 9, what is -42346 + -16762?
-60218
In base 16, what is -78ff9 - -ae?
-78f4b
In base 9, what is -204 + 2021204?
2021000
In base 16, what is -3ef7 - -f1?
-3e06
In base 14, what is -6a072 - 299?
-6a32b
In base 12, what is -a - -6409576?
6409568
In base 15, what is -46 + 28dc3?
28d7c
In base 9, what is -1 - -75017810?
75017808
In base 15, what is -11965ab - -4?
-11965a7
In base 16, what is -130af - -902?
-127ad
In base 10, what is 184974 + 25?
184999
In base 13, what is -12ccb0b + -c3?
-12ccc01
In base 6, what is 10530003 - -25?
10530032
In base 8, what is 4 - -7055704?
7055710
In base 4, what is -201222230322 - 2?
-201222230330
In base 10, what is -353549639 + -3?
-353549642
In base 10, what is -5323472 - -17?
-5323455
In base 6, what is -14254304313 + -1?
-14254304314
In base 13, what is -5 + -40412b94?
-40412b99
In base 16, what is -7 + 671e45?
671e3e
In base 4, what is 0 - 202101021122?
-202101021122
In base 14, what is 2a2cd15 + -10?
2a2cd05
In base 6, what is -221424450 + 5?
-221424441
In base 8, what is 1107710557 + -1?
1107710556
In base 5, what is -140422 + 2122333?
1431411
In base 12, what is 2 - -34027b4?
34027b6
In base 4, what is 101321212 + -111?
101321101
In base 10, what is -682385 - -8?
-682377
In base 13, what is -95c6637 + -4?
-95c663b
In base 3, what is -112120021112121 - -20?
-112120021112101
In base 7, what is -1164033306 + -1?
-1164033310
In base 6, what is -202103 + 1313121?
1111014
In base 5, what is 3012344021 + -3?
3012344013
In base 8, what is 3205601 - -104?
3205705
In base 13, what is -2 - 1261049?
-126104b
In base 6, what is 52025 + 3140?
55205
In base 9, what is 5 - 6437018?
-6437013
In base 11, what is 687a925a6 - -3?
687a925a9
In base 7, what is -23 - -3144065?
3144042
In base 3, what is 0 - 11221210201011111?
-11221210201011111
In base 8, what is 11 + 15272475?
15272506
In base 16, what is -3 + b6f1fb?
b6f1f8
In base 14, what is c58 + -a06?
252
In base 7, what is 5 